{"version":"1.0","provider_name":"Blog de Rafael Ram\u00edrez","provider_url":"https:\/\/rafaramirez.org\/blog","author_name":"Rafael Ram\u00edrez","author_url":"https:\/\/rafaramirez.org\/blog\/index.php\/author\/rafaell_qm6j97da\/","title":"D\u00eda Mundial del Ni\u00f1o 2010 - Blog de Rafael Ram\u00edrez","type":"rich","width":600,"height":338,"html":"<blockquote class=\"wp-embedded-content\" data-secret=\"ZGwfAPpQJo\"><a href=\"https:\/\/rafaramirez.org\/blog\/index.php\/2010\/04\/15\/dia-mundial-del-nino-2010\/\">D\u00eda Mundial del Ni\u00f1o 2010<\/a><\/blockquote><iframe sandbox=\"allow-scripts\" security=\"restricted\" src=\"https:\/\/rafaramirez.org\/blog\/index.php\/2010\/04\/15\/dia-mundial-del-nino-2010\/embed\/#?secret=ZGwfAPpQJo\" width=\"600\" height=\"338\" title=\"\u00abD\u00eda Mundial del Ni\u00f1o 2010\u00bb \u2014 Blog de Rafael Ram\u00edrez\" data-secret=\"ZGwfAPpQJo\" frameborder=\"0\" marginwidth=\"0\" marginheight=\"0\" scrolling=\"no\" class=\"wp-embedded-content\"><\/iframe><script>\n\/*! This file is auto-generated *\/\n!function(d,l){\"use strict\";l.querySelector&&d.addEventListener&&\"undefined\"!=typeof URL&&(d.wp=d.wp||{},d.wp.receiveEmbedMessage||(d.wp.receiveEmbedMessage=function(e){var t=e.data;if((t||t.secret||t.message||t.value)&&!\/[^a-zA-Z0-9]\/.test(t.secret)){for(var s,r,n,a=l.querySelectorAll('iframe[data-secret=\"'+t.secret+'\"]'),o=l.querySelectorAll('blockquote[data-secret=\"'+t.secret+'\"]'),c=new RegExp(\"^https?:$\",\"i\"),i=0;i<o.length;i++)o[i].style.display=\"none\";for(i=0;i<a.length;i++)s=a[i],e.source===s.contentWindow&&(s.removeAttribute(\"style\"),\"height\"===t.message?(1e3<(r=parseInt(t.value,10))?r=1e3:~~r<200&&(r=200),s.height=r):\"link\"===t.message&&(r=new URL(s.getAttribute(\"src\")),n=new URL(t.value),c.test(n.protocol))&&n.host===r.host&&l.activeElement===s&&(d.top.location.href=t.value))}},d.addEventListener(\"message\",d.wp.receiveEmbedMessage,!1),l.addEventListener(\"DOMContentLoaded\",function(){for(var e,t,s=l.querySelectorAll(\"iframe.wp-embedded-content\"),r=0;r<s.length;r++)(t=(e=s[r]).getAttribute(\"data-secret\"))||(t=Math.random().toString(36).substring(2,12),e.src+=\"#?secret=\"+t,e.setAttribute(\"data-secret\",t)),e.contentWindow.postMessage({message:\"ready\",secret:t},\"*\")},!1)))}(window,document);\n\/\/# sourceURL=https:\/\/rafaramirez.org\/blog\/wp-includes\/js\/wp-embed.min.js\n<\/script>\n","thumbnail_url":"https:\/\/rafaramirez.org\/blog\/wp-content\/uploads\/2010\/04\/children-DAY.jpg","thumbnail_width":700,"thumbnail_height":500,"description":"Hoy, en Espa\u00f1a, se conmemora el D\u00eda Mundial del Ni\u00f1o. Lamentablemente los derechos de los ni\u00f1os y ni\u00f1as no son siempre respetados y en muchas ocasiones no son tomados en cuenta en decisiones importantes que les afectan. En algunos pa\u00edses hasta hace relativamente poco no eran siquiera sujetos de derecho. Todos conocemos casos de vulneraci\u00f3n [&hellip;]"}

Blog de Rafael Ramírez

Rafael Ramírez

Día Mundial del Niño 2010 - Blog de Rafael Ramírez

<blockquote class="wp-embedded-content" data-secret="ZGwfAPpQJo"><a href="https://rafaramirez.org/blog/index.php/2010/04/15/dia-mundial-del-nino-2010/">Día Mundial del Niño 2010</a></blockquote><iframe sandbox="allow-scripts" security="restricted" src="https://rafaramirez.org/blog/index.php/2010/04/15/dia-mundial-del-nino-2010/embed/#?secret=ZGwfAPpQJo" width="600" height="338" title="«Día Mundial del Niño 2010» — Blog de Rafael Ramírez" data-secret="ZGwfAPpQJo" frameborder="0" marginwidth="0" marginheight="0" scrolling="no" class="wp-embedded-content"></iframe><script>
/*! This file is auto-generated */
!function(d,l){"use strict";l.querySelector&&d.addEventListener&&"undefined"!=typeof URL&&(d.wp=d.wp||{},d.wp.receiveEmbedMessage||(d.wp.receiveEmbedMessage=function(e){var t=e.data;if((t||t.secret||t.message||t.value)&&!/[^a-zA-Z0-9]/.test(t.secret)){for(var s,r,n,a=l.querySelectorAll('iframe[data-secret="'+t.secret+'"]'),o=l.querySelectorAll('blockquote[data-secret="'+t.secret+'"]'),c=new RegExp("^https?:$","i"),i=0;i<o.length;i++)o[i].style.display="none";for(i=0;i<a.length;i++)s=a[i],e.source===s.contentWindow&&(s.removeAttribute("style"),"height"===t.message?(1e3<(r=parseInt(t.value,10))?r=1e3:~~r<200&&(r=200),s.height=r):"link"===t.message&&(r=new URL(s.getAttribute("src")),n=new URL(t.value),c.test(n.protocol))&&n.host===r.host&&l.activeElement===s&&(d.top.location.href=t.value))}},d.addEventListener("message",d.wp.receiveEmbedMessage,!1),l.addEventListener("DOMContentLoaded",function(){for(var e,t,s=l.querySelectorAll("iframe.wp-embedded-content"),r=0;r<s.length;r++)(t=(e=s[r]).getAttribute("data-secret"))||(t=Math.random().toString(36).substring(2,12),e.src+="#?secret="+t,e.setAttribute("data-secret",t)),e.contentWindow.postMessage({message:"ready",secret:t},"*")},!1)))}(window,document);
//# sourceURL=https://rafaramirez.org/blog/wp-includes/js/wp-embed.min.js
</script>

Hoy, en España, se conmemora el Día Mundial del Niño. Lamentablemente los derechos de los niños y niñas no son siempre respetados y en muchas ocasiones no son tomados en cuenta en decisiones importantes que les afectan. En algunos países hasta hace relativamente poco no eran siquiera sujetos de derecho. Todos conocemos casos de vulneración [&hellip;]
